{"id":729,"date":"2019-03-06T15:52:27","date_gmt":"2019-03-06T15:52:27","guid":{"rendered":"http:\/\/c3.usac.edu.gt\/iumusac.usac.edu.gt\/public_html\/?page_id=729"},"modified":"2022-07-09T12:38:09","modified_gmt":"2022-07-09T12:38:09","slug":"objetivos","status":"publish","type":"page","link":"https:\/\/iumusac.usac.edu.gt\/?page_id=729","title":{"rendered":"Objetivos"},"content":{"rendered":"\n<p>El IUMUSAC tiene como objetivos, lo siguiente:<\/p>\n\n\n\n<p>a) Establecer la equidad de g\u00e9nero en la educaci\u00f3n superior para la construcci\u00f3n de una universidad nacional aut\u00f3noma y democr\u00e1tica.&nbsp;<\/p>\n\n\n\n<p>b) Proponer medidas efectivas, para la pronta eliminaci\u00f3n de todas las formas de discriminaci\u00f3n en contra de las mujeres, dentro y fuera de la universidad.&nbsp;<\/p>\n\n\n\n<p>c) Promover la investigaci\u00f3n sobre la situaci\u00f3n, condici\u00f3n y posici\u00f3n de las mujeres guatemaltecas.&nbsp;<\/p>\n\n\n\n<p>d) Crear nuevos indicadores que permitan medir el avance de la condici\u00f3n, situaci\u00f3n y posici\u00f3n de las mujeres universitarias.&nbsp;<\/p>\n\n\n\n<p>e) Incorporar el enfoque de g\u00e9nero y feminista en el curr\u00edculo de estudios para fortalecer la formaci\u00f3n integral de las y los profesionales.&nbsp;<\/p>\n\n\n\n<p>f) Fortalecer los programas de formaci\u00f3n profesional desde el enfoque de g\u00e9nero, feminista y derechos humanos de las mujeres.&nbsp;<\/p>\n\n\n\n<p>g) Potenciar la participaci\u00f3n de las mujeres en la conducci\u00f3n de la universidad y en los espacios p\u00fablicos de la sociedad para construir una democracia con equidad y con justicia educativa.&nbsp;<\/p>\n\n\n\n<p>h) Proponer leyes, pol\u00edticas p\u00fablicas y programas que coadyuven a eliminar la opresi\u00f3n, exclusi\u00f3n y discriminaci\u00f3n de las mujeres en la sociedad guatemalteca.&nbsp;<\/p>\n\n\n\n<p>Asimismo coadyuvar con acciones afirmativas contenidas en <strong>la Pol\u00edtica de Equidad de G\u00e9nero en la Educaci\u00f3n Superior de la USAC<\/strong>, aprobada por el Consejo Superior Universitario en 2008. Ser el ente rector de la Pol\u00edtica universitaria.<\/p>\n\n\n\n<div data-wp-interactive=\"core\/file\" class=\"wp-block-file\"><object data-wp-bind--hidden=\"!state.hasPdfPreview\"  class=\"wp-block-file__embed\" data=\"https:\/\/iumusac.usac.edu.gt\/wp-content\/uploads\/2021\/08\/Politica-y-Plan-de-Equidad-USAC.pdf\" type=\"application\/pdf\" style=\"width:100%;height:600px\" aria-label=\"Incrustado de Incrustado de Pol\u00edtica y Plan de Equidad USAC..\"><\/object><a id=\"wp-block-file--media-38242858-67e2-42c0-9ef8-84e881943a25\" href=\"https:\/\/iumusac.usac.edu.gt\/wp-content\/uploads\/2021\/08\/Politica-y-Plan-de-Equidad-USAC.pdf\">Pol\u00edtica y Plan de Equidad USAC<\/a><a href=\"https:\/\/iumusac.usac.edu.gt\/wp-content\/uploads\/2021\/08\/Politica-y-Plan-de-Equidad-USAC.pdf\" class=\"wp-block-file__button\" download aria-describedby=\"wp-block-file--media-38242858-67e2-42c0-9ef8-84e881943a25\">Descarga<\/a><\/div>\n","protected":false},"excerpt":{"rendered":"<p>El IUMUSAC tiene como objetivos, lo siguiente: a) Establecer la equidad de g\u00e9nero en la educaci\u00f3n superior para la construcci\u00f3n de una universidad nacional aut\u00f3noma y democr\u00e1tica.&nbsp; b) Proponer medidas efectivas, para la pronta eliminaci\u00f3n de todas las formas de discriminaci\u00f3n en contra de las mujeres, dentro y fuera de la universidad.&nbsp; c) Promover la [&hellip;]<\/p>\n","protected":false},"author":1,"featured_media":0,"parent":0,"menu_order":0,"comment_status":"closed","ping_status":"closed","template":"","meta":{"footnotes":""},"class_list":["post-729","page","type-page","status-publish","czr-hentry"],"_links":{"self":[{"href":"https:\/\/iumusac.usac.edu.gt\/index.php?rest_route=\/wp\/v2\/pages\/729"}],"collection":[{"href":"https:\/\/iumusac.usac.edu.gt\/index.php?rest_route=\/wp\/v2\/pages"}],"about":[{"href":"https:\/\/iumusac.usac.edu.gt\/index.php?rest_route=\/wp\/v2\/types\/page"}],"author":[{"embeddable":true,"href":"https:\/\/iumusac.usac.edu.gt\/index.php?rest_route=\/wp\/v2\/users\/1"}],"replies":[{"embeddable":true,"href":"https:\/\/iumusac.usac.edu.gt\/index.php?rest_route=%2Fwp%2Fv2%2Fcomments&post=729"}],"version-history":[{"count":5,"href":"https:\/\/iumusac.usac.edu.gt\/index.php?rest_route=\/wp\/v2\/pages\/729\/revisions"}],"predecessor-version":[{"id":1172,"href":"https:\/\/iumusac.usac.edu.gt\/index.php?rest_route=\/wp\/v2\/pages\/729\/revisions\/1172"}],"wp:attachment":[{"href":"https:\/\/iumusac.usac.edu.gt\/index.php?rest_route=%2Fwp%2Fv2%2Fmedia&parent=729"}],"curies":[{"name":"wp","href":"https:\/\/api.w.org\/{rel}","templated":true}]}}

<p>El IUMUSAC tiene como objetivos, lo siguiente:</p>



<p>a) Establecer la equidad de género en la educación superior para la construcción de una universidad nacional autónoma y democrática.&nbsp;</p>



<p>b) Proponer medidas efectivas, para la pronta eliminación de todas las formas de discriminación en contra de las mujeres, dentro y fuera de la universidad.&nbsp;</p>



<p>c) Promover la investigación sobre la situación, condición y posición de las mujeres guatemaltecas.&nbsp;</p>



<p>d) Crear nuevos indicadores que permitan medir el avance de la condición, situación y posición de las mujeres universitarias.&nbsp;</p>



<p>e) Incorporar el enfoque de género y feminista en el currículo de estudios para fortalecer la formación integral de las y los profesionales.&nbsp;</p>



<p>f) Fortalecer los programas de formación profesional desde el enfoque de género, feminista y derechos humanos de las mujeres.&nbsp;</p>



<p>g) Potenciar la participación de las mujeres en la conducción de la universidad y en los espacios públicos de la sociedad para construir una democracia con equidad y con justicia educativa.&nbsp;</p>



<p>h) Proponer leyes, políticas públicas y programas que coadyuven a eliminar la opresión, exclusión y discriminación de las mujeres en la sociedad guatemalteca.&nbsp;</p>



<p>Asimismo coadyuvar con acciones afirmativas contenidas en <strong>la Política de Equidad de Género en la Educación Superior de la USAC</strong>, aprobada por el Consejo Superior Universitario en 2008. Ser el ente rector de la Política universitaria.</p>



<div data-wp-interactive="core/file" class="wp-block-file"><object data-wp-bind--hidden="!state.hasPdfPreview"  class="wp-block-file__embed" data="https://iumusac.usac.edu.gt/wp-content/uploads/2021/08/Politica-y-Plan-de-Equidad-USAC.pdf" type="application/pdf" style="width:100%;height:600px" aria-label="Incrustado de Incrustado de Política y Plan de Equidad USAC.."></object><a id="wp-block-file--media-38242858-67e2-42c0-9ef8-84e881943a25" href="https://iumusac.usac.edu.gt/wp-content/uploads/2021/08/Politica-y-Plan-de-Equidad-USAC.pdf">Política y Plan de Equidad USAC</a><a href="https://iumusac.usac.edu.gt/wp-content/uploads/2021/08/Politica-y-Plan-de-Equidad-USAC.pdf" class="wp-block-file__button" download aria-describedby="wp-block-file--media-38242858-67e2-42c0-9ef8-84e881943a25">Descarga</a></div>

<p>El IUMUSAC tiene como objetivos, lo siguiente: a) Establecer la equidad de género en la educación superior para la construcción de una universidad nacional autónoma y democrática.&nbsp; b) Proponer medidas efectivas, para la pronta eliminación de todas las formas de discriminación en contra de las mujeres, dentro y fuera de la universidad.&nbsp; c) Promover la [&hellip;]</p>
