{"id":325,"date":"2016-06-10T15:31:49","date_gmt":"2016-06-10T15:31:49","guid":{"rendered":"http:\/\/c2.usac.edu.gt\/iumusac\/public_html\/?page_id=325"},"modified":"2024-09-02T13:58:14","modified_gmt":"2024-09-02T19:58:14","slug":"programa-gestion-y-vinculacion-en-investigacion-2","status":"publish","type":"page","link":"https:\/\/iumusac.usac.edu.gt\/?page_id=325","title":{"rendered":"Programa Gesti\u00f3n y Vinculaci\u00f3n en Investigaci\u00f3n"},"content":{"rendered":"\n<p>Su prop\u00f3sito es articular a los sectores acad\u00e9micos con el movimiento de mujeres, instituciones gubernamentales y no gubernamentales (a nivel nacional e internacional) para la formulaci\u00f3n, cabildeo, aprobaci\u00f3n, promoci\u00f3n y monitoreo de pol\u00edticas p\u00fablicas a favor de las mujeres guatemaltecas y acciones orientadas al desarrollo integral de las mujeres; mediante un mecanismo de informaci\u00f3n desde la universidad y la sociedad guatemalteca. <\/p>\n\n\n\n<ul class=\"wp-block-list\">\n<li>Ofrece asesor\u00eda para elaborar perfiles de proyectos con enfoque de g\u00e9nero y feminismo.<br><\/li>\n\n\n\n<li>Asesora a universitarias para participar con\u00a0proyectos de investigaci\u00f3n con enfoque de g\u00e9nero en las convocatorias de cofinanciamiento del Sistema de Investigaci\u00f3n de la Universidad de San Carlos de Guatemala \u00a0(Sinusac) y del Sistema Nacional de Ciencia y Tecnolog\u00eda (Senacyt).<br><\/li>\n\n\n\n<li>Refiere a universitarias especializadas en el enfoque de g\u00e9nero a procesos de formaci\u00f3n y a redes multidisciplinarias de investigaci\u00f3n. <\/li>\n<\/ul>\n\n\n\n<p class=\"has-medium-font-size\"><strong>Cooperaci\u00f3n Cient\u00edfica y Tecnol\u00f3gica<\/strong><\/p>\n\n\n\n<p>Es el mecanismo permanente de acciones conjuntas desde la universidad con la sociedad guatemalteca, para el avance de la ciencia y la tecnolog\u00eda.<\/p>\n\n\n\n<p class=\"has-medium-font-size\"><strong>Investigaci\u00f3n Interinstitucional<\/strong><\/p>\n\n\n\n<p>Promueve la investigaci\u00f3n especializada, y los estudios de la mujer, las mujeres, g\u00e9nero y feminismo, dentro del proceso de fortalecimiento del IUMUSAC, en coordinaci\u00f3n con los diferentes sectores, Estado y sociedad civil en especial con el movimiento de mujeres, con el apoyo de la cooperaci\u00f3n nacional e internacional.<\/p>\n\n\n\n<p class=\"has-medium-font-size\"><strong>Sistemas de Investigaci\u00f3n<\/strong><\/p>\n\n\n\n<p>Fortalece el Sistema de Investigaci\u00f3n de la Universidad de San Carlos de Guatemala -SINUSAC- y el Sistema Nacional de Investigaci\u00f3n, como mecanismo de viculacion externa en doble via del area de investigacion del IUMUSAC. El sistema, es la suma total de las partes que funcionan independientemente o conjuntamente, para lograr resultados productos basados en las necesidades de las mujeres Guatemaltecas.<\/p>\n","protected":false},"excerpt":{"rendered":"<p>Su prop\u00f3sito es articular a los sectores acad\u00e9micos con el movimiento de mujeres, instituciones gubernamentales y no gubernamentales (a nivel nacional e internacional) para la formulaci\u00f3n, cabildeo, aprobaci\u00f3n, promoci\u00f3n y monitoreo de pol\u00edticas p\u00fablicas a favor de las mujeres guatemaltecas y acciones orientadas al desarrollo integral de las mujeres; mediante un mecanismo de informaci\u00f3n desde [&hellip;]<\/p>\n","protected":false},"author":1,"featured_media":0,"parent":0,"menu_order":0,"comment_status":"closed","ping_status":"closed","template":"","meta":{"footnotes":""},"class_list":["post-325","page","type-page","status-publish","czr-hentry"],"_links":{"self":[{"href":"https:\/\/iumusac.usac.edu.gt\/index.php?rest_route=\/wp\/v2\/pages\/325"}],"collection":[{"href":"https:\/\/iumusac.usac.edu.gt\/index.php?rest_route=\/wp\/v2\/pages"}],"about":[{"href":"https:\/\/iumusac.usac.edu.gt\/index.php?rest_route=\/wp\/v2\/types\/page"}],"author":[{"embeddable":true,"href":"https:\/\/iumusac.usac.edu.gt\/index.php?rest_route=\/wp\/v2\/users\/1"}],"replies":[{"embeddable":true,"href":"https:\/\/iumusac.usac.edu.gt\/index.php?rest_route=%2Fwp%2Fv2%2Fcomments&post=325"}],"version-history":[{"count":9,"href":"https:\/\/iumusac.usac.edu.gt\/index.php?rest_route=\/wp\/v2\/pages\/325\/revisions"}],"predecessor-version":[{"id":1376,"href":"https:\/\/iumusac.usac.edu.gt\/index.php?rest_route=\/wp\/v2\/pages\/325\/revisions\/1376"}],"wp:attachment":[{"href":"https:\/\/iumusac.usac.edu.gt\/index.php?rest_route=%2Fwp%2Fv2%2Fmedia&parent=325"}],"curies":[{"name":"wp","href":"https:\/\/api.w.org\/{rel}","templated":true}]}}